c. Suppose 4*h + g - 15 = 0. Is h even?
False
Let p = 105 + -61. Is 16 a factor of 2/(-11) - (-712)/p?
True
Let l = 107 + -15. Does 32 divide l?
False
Let d(w) = w - 2 - 3*w + 2*w**2 + 0*w. Is d(4) a multiple of 15?
False
Suppose 445 - 2013 = -8*b. Is 14 a factor of b?
True
Let k = -3 - -6. Let j(v) = -3 - k + 4 - v**2 + 5*v. Is 2 a factor of j(2)?
True
Let h = -134 + 258. Suppose 6*z = 2*z + h. Does 10 divide z?
False
Let g be 0 + (-84)/(-3) + 2. Suppose 0 = -t + 6*t - g. Does 6 divide t?
True
Let z(r) = -r**3 - 7*r**2 + 7*r - 3. Is z(-8) even?
False
Let b = -4 + 8. Suppose 0 = -3*w - 4*h + 66, 0 = b*w - 0*h + 2*h - 78. Is 12 a factor of w?
False
Let l be 16/(-6)*(-3)/4. Suppose 5*m - 310 = -4*c, -c - 271 + l = -4*m. Is 22 a factor of m?
True
Suppose 4*o = 5*u - 8, -4*o - o = -5*u + 10. Suppose 8 = 4*m - 0. Does 2 divide ((-3)/m)/(1/o)?
False
Let o be (-1 - (-32)/(-10))*-5. Suppose 2*k = 4*k + q - o, 0 = -5*k - 4*q + 60. Is 3 a factor of k?
False
Suppose q = -2*b + 138, -q - 3*q = 3*b - 207. Is 23 a factor of b?
True
Let m = 104 + -74. Is 8 a factor of m?
False
Let z(j) = j**2 - 13*j + 2. Let w be z(13). Suppose w*t - 6*t + 5*g = -73, 4*g + 4 = 0. Is t a multiple of 3?
False
Let b be (-3 + 1)/1*-2. Let i be (-34)/4 + (-2)/b. Let s = 20 + i. Does 4 divide s?
False
Suppose 4*y + y + 2*n - 41 = 0, 0 = -n + 3. Let k(w) = -7*w - 10. Let o be k(-7). Suppose -o = -2*a + y. Does 7 divide a?
False
Let x = 0 + -20. Suppose -z + 5*z = -5*l - 2835, 4*z = 2*l - 2870. Is 10 a factor of z/x - 3/4?
False
Let m(p) = 2*p**2 - 2*p + 2. Let z be m(2). Suppose 2*g + v - z + 2 = 0, -2*v = 5*g - 8. Suppose g = -a + t - 0*t + 4, 0 = -5*a - t + 14. Is 2 a factor of a?
False
Let v(d) = d**3 - d**2 - d + 36. Suppose -4*k + 3*k = 0. Is 12 a factor of v(k)?
True
Let y(o) be the first derivative of -o + 31/4*o**4 + 0*o**2 + 1/3*o**3 - 1. Does 14 divide y(1)?
False
Let w(p) = p**3 - 7*p**2 - 8*p + 6. Let k be w(8). Let a(d) = -d**2 + 4*d - 9. Let h(i) = -i**2 + 5*i - 9. Let g(z) = -4*a(z) + 5*h(z). Is 6 a factor of g(k)?
False
Let n = 2 + -3. Let v be (-1)/n - (-7 + 0). Let w = v - -22. Is 15 a factor of w?
True
Let w(f) = -12*f + 6. Let s be w(4). Let d(y) = -y**3 - 5*y**2 + 3*y - 7. Let p be d(-7). Let u = s + p. Is 14 a factor of u?
True
Let n(u) = u**3 + u**2 + u. Let s be ((-2)/(-4))/((-3)/(-6)). Let j(q) = 5*q**3 + 13*q**2 + 12*q - 10. Let i(c) = s*j(c) - 4*n(c). Is 13 a factor of i(-7)?
False
Suppose 5 - 1 = l. Let x(z) = l*z**2 - 3 + 7 + 0*z**2. Does 14 divide x(-3)?
False
Is 15 a factor of (-3 + 6 - -12) + 0?
True
Let u = -6 - -10. Suppose -3*g = -g - u. Is 5 a factor of 11 + 2 - (g + -1)?
False
Let s be ((-1)/(-2))/((-2)/(-4)). Does 6 divide s/(3 - 53/18)?
True
Is 9 a factor of (1 + 1)/((-20)/(-130))?
False
Is 18/12*5/((-5)/(-4)) a multiple of 3?
True
Suppose -78 = -3*f - 4*t + 20, -72 = -2*f - 4*t. Is 16 a factor of f?
False
Suppose -5*s + 3*t + 14 = -8, -16 = -2*s + 3*t. Suppose -s*q = 5*b - 34, 14 = 2*b + 2*q - q. Suppose b = 5*z - 129. Does 13 divide z?
False
Suppose 3*m = 6*m - 15. Suppose s + 173 = 3*b, s - 236 = -4*b + m*s. Is b a multiple of 12?
False
Suppose 150 = -2*m + 7*m. Is m a multiple of 6?
True
Suppose 0 = -l - r + 108, l = -3*r - 34 + 144. Does 39 divide l?
False
Let t = -13 + 8. Let b(r) = 2*r**3 + 13*r**2 + 11. Let v(c) = c**3 + 6*c**2 + 5. Let k(h) = 2*b(h) - 5*v(h). Does 8 divide k(t)?
False
Let k(l) = -l**3 - 8*l**2 - 6*l + 7. Let b be k(-7). Let m(z) be the first derivative of z**3/3 + 2*z + 1. Is m(b) a multiple of 2?
True
Let s(t) = 3*t + 0*t + t + 2*t. Does 30 divide s(10)?
True
Let h be 2/(-5) + 23/(-5). Let o be ((-4)/h)/((-2)/115). Is (-6)/3*o/4 a multiple of 17?
False
Suppose 3*n + 2*l = 23 - 2, -l - 7 = -2*n. Suppose -n*b = -0*b - 25. Is 9 a factor of ((-1)/1)/(b/(-90))?
True
Let n be ((-3 - -1)/2)/(-1). Does 9 divide n*(-2 - 2)*-3?
False
Let a(c) = c**3 - 6*c**2 + 5*c + 3. Let j be a(5). Let q(l) = -j + 0*l + l**3 + 4*l - 6*l - 3*l**2. Is 2 a factor of q(4)?
False
Suppose -k = 6 - 3. Let i = k - -7. Is i a multiple of 4?
True
Let f = -99 - -54. Does 17 divide (36/f)/((-4)/130)?
False
Does 3 divide (-3 - 2)/(2/(-8))?
False
Suppose 0 = r - 4*a, -2*a = -r - 0*a + 2. Suppose -5*v = -r*v + 3*s - 15, 3*v - 5*s - 3 = 0. Is v a multiple of 5?
False
Let s = 33 - 0. Does 11 divide s?
True
Let n(j) = 3*j**3 + 2*j**2 - 1. Let s be n(1). Let f be (18/s)/((-12)/16). Is 6 a factor of (-54)/f - 4/2?
False
Let a(g) = -82 + 3*g + 47 + 41. Is 18 a factor of a(4)?
True
Let d = 125 + -35. Is 15 a factor of d?
True
Suppose 0*r - 3*r + 72 = 0. Is 4 a factor of r?
True
Let a(y) = -2*y + 6. Let q be a(-10). Let s be 4/q + 1374/26. Suppose 2*x = 3*m + 2*m - 130, m + 5*x - s = 0. Does 14 divide m?
True
Let q = 13 - 8. Suppose 0 = -r + q*r - 112. Is r a multiple of 10?
False
Let h(g) = 2*g - 4. Let c be h(-4). Let w(y) = -y + 4. Let a be w(c). Suppose a = 3*x - x. Is 3 a factor of x?
False
Suppose 5*t = -2*m + 13, t - 17 = -4*m - 0*t. Suppose 2*w - y = -5*y, -2*w + m*y = -32. Is 6 a factor of w?
False
Let h be 20 + 0 + 2 + -1. Suppose -h = j + 47. Is j/(-6)*(0 - -3) a multiple of 17?
True
Let b(r) = 5*r - r + 5 + 0*r - 3*r. Let u be b(7). Suppose -3*t - 23 + 7 = -4*q, 3*q = -2*t + u. Is q a multiple of 4?
True
Let u = 63 + -34. Let n = 1 + u. Is n a multiple of 10?
True
Let i = -4 + 2. Let o = i + 62. Suppose 0 = -2*l - 3*l + o. Is 9 a factor of l?
False
Let v(x) = x + 2. Let w be v(-5). Let u = 1 - w. Let z = 13 - u. Does 5 divide z?
False
Suppose n - 1 = -v, -4*v + 5 = -4*n - 15. Suppose -4*y - 42 = -5*u + 3*u, -v*u + 51 = -3*y. Does 12 divide u?
False
Suppose 0*k = -k - 4. Let a(t) = -8*t + 3. Is 14 a factor of a(k)?
False
Let m be 5 + -2*3/3. Suppose -m*n = -2*n. Suppose -3*x + y + 43 = n, 73 = 5*x - 6*y + 3*y. Is x a multiple of 12?
False
Let h(p) be the first derivative of -p**3/3 - 11*p**2/2 + 6*p + 2. Let d be 1/1 - (-22)/(-2). Is h(d) a multiple of 11?
False
Suppose 2*h - 510 = -5*i - 0*i, -5*i + 2*h = -490. Is 25 a factor of i?
True
Let k(b) = -b**3 - 2*b**2 - b + 1. Let j be k(-2). Let r(q) = -3 + 0*q + 6*q + 3*q + 0*q. Is 8 a factor of r(j)?
True
Suppose 9*d + 7*d = 4592. Does 12 divide d?
False
Suppose -20 = 5*r + j, 0 = -r - 2*r - 5*j - 34. Does 15 divide 10/(0 + (-2)/r)?
True
Suppose -2126 + 816 = -5*u + 2*j, 0 = -3*u - 4*j + 812. Is u a multiple of 7?
False
Is 3 a factor of -2 + 2 + 3 - -7?
False
Let f(y) = -5 - 26*y**2 + 4 - 2*y + 3*y + 8*y**2. Let w be f(-3). Is (-6)/(-21) + w/(-7) a multiple of 12?
True
Let l = 23 - 62. Let k = l - -61. Does 13 divide k?
False
Let f be 0 + 0 + 2 - 2. Let t = -39 - -67. Suppose q + 4 = f, 3*q - t = -w - 11. Does 14 divide w?
False
Let h(d) = d**2 - 14*d + 2. Let o be h(13). Let r(i) = -i**3 - 10*i**2 + 9*i - 9. Does 5 divide r(o)?
False
Suppose 0 = -4*h + 162 + 170. Is 23 a factor of h?
False
Let u = 183 - 121. Is u a multiple of 31?
True
Suppose 0*x + 9 = 3*x. Suppose -4*c = -0*i + i + 5, -x*i - 3*c = -3. Suppose m = -i*m + 24. Does 6 divide m?
True
Let o(a) = 8*a - 24. Does 22 divide o(9)?
False
Let h(j) = 5*j**2 - 3*j + 1. Let o be h(2). Let x = o - 30. Does 4 divide ((-24)/x)/((-2)/(-15))?
True
Is 21 a factor of (-4)/1 + (116 - -6)?
False
Let c be (-99)/3 + (-8)/4. Does 12 divide 2/(-2) + 2 - c?
True
Let m = 2 - 2. Suppose 2*z - 51 + 3 = m. Is 10 a factor of z?
False
Let o = 110 + -5. Does 15 divide o?
True
Does 10 divide (54 + 1)/(7/2 - 3)?
True
Let t(h) = -h - 10. Let n be t(8). Let f = n - -39. Is 7 a factor of f?
True
Suppose 0 = -d + 2*s + 1, 0 = d + 2*s - 5. Suppose 0 = -i + 5*z + 69, 0 = -d*i - z - 2*z + 225. Is i a multiple of 20?
False
Does 3 divide -4*(100/(-16) + -1)?
False
Let v(l) = -22*l + 3. Let h be v(-4). Let s be (-2)/(-4)*0 - 47. Let y = h + s. Is 15 a factor of y?
False
Suppose -2*y = y + o - 9, 0 = -y + 2*o + 3. Suppose -3*r = 0, -4*r = -w - y*w + 72. Does 9 divide w?
True
Is 2 a factor of (-15)/(-6)*(-2 - -6)?
True
Let x(a) = 2*a**2 + a - 1. Let v be x(1). Suppose -4*u + 0*u + 4*s - 8 = 0, -v*s + 18 = 5*u. Suppose 0 = u*y + y + 3, -4*y = -c + 8. Is 4 a factor of c?
True
Suppose d = 3*m + 3, 0 = d + 4*m - 3. Let r(u) = u**2 - u - 2. Let z be r(d). Suppose -3*c + z*v = -34, -4*c = -2*v - 0*v - 52. Is 7 a factor of c?
True
Let b = 210 + -177. Does 33 divide b?
True
Suppose -f - 4